5825.
5, 13, 541
What are the prime factors of 58726?
2, 29363
What are the prime factors of 251733?
3, 83911
What are the prime factors of 5100720?
2, 3, 5, 53, 401
What are the prime factors of 546788?
2, 11, 17, 43
List the prime factors of 8775884.
2, 13, 71, 2377
What are the prime factors of 755230?
2, 5, 7, 10789
List the prime factors of 1083619.
37, 29287
What are the prime factors of 1433877?
3, 59, 8101
What are the prime factors of 879399?
3, 97711
List the prime factors of 46801.
17, 2753
List the prime factors of 291265.
5, 13, 4481
What are the prime factors of 269712?
2, 3, 1873
What are the prime factors of 1559673?
3, 173297
What are the prime factors of 239590?
2, 5, 13, 19, 97
What are the prime factors of 4235596?
2, 61, 17359
List the prime factors of 159419.
13, 12263
List the prime factors of 1819626.
2, 3, 303271
What are the prime factors of 9947750?
2, 5, 39791
What are the prime factors of 3288643?
829, 3967
List the prime factors of 1266588.
2, 3, 151, 233
What are the prime factors of 2161819?
11, 59, 3331
List the prime factors of 234977.
234977
What are the prime factors of 1484466?
2, 3, 23, 31, 347
List the prime factors of 3883739.
193, 20123
List the prime factors of 16111709.
16111709
List the prime factors of 195376.
2, 12211
What are the prime factors of 785665?
5, 157133
List the prime factors of 2581420.
2, 5, 337, 383
List the prime factors of 13090340.
2, 5, 17, 38501
List the prime factors of 242686.
2, 121343
What are the prime factors of 821449?
821449
List the prime factors of 1399491.
3, 17, 3049
What are the prime factors of 8080757?
19, 47, 9049
List the prime factors of 1039673.
311, 3343
What are the prime factors of 3301198?
2, 61, 27059
What are the prime factors of 2229035?
5, 445807
What are the prime factors of 287813?
287813
What are the prime factors of 1827261?
3, 29, 7001
What are the prime factors of 6400220?
2, 5, 320011
What are the prime factors of 161124?
2, 3, 29, 463
What are the prime factors of 67624?
2, 79, 107
What are the prime factors of 295383?
3, 11, 8951
List the prime factors of 499252.
2, 13, 9601
List the prime factors of 2461668.
2, 3, 11, 17, 1097
List the prime factors of 329893.
47, 7019
What are the prime factors of 23073041?
3067, 7523
What are the prime factors of 679891?
679891
List the prime factors of 8573503.
19, 23, 853
List the prime factors of 880205.
5, 176041
List the prime factors of 5318752.
2, 71, 2341
List the prime factors of 1321346.
2, 13, 50821
What are the prime factors of 661219?
13, 19, 2677
What are the prime factors of 209207?
131, 1597
List the prime factors of 420628.
2, 13, 8089
What are the prime factors of 43146677?
7, 113, 54547
List the prime factors of 383680.
2, 5, 11, 109
List the prime factors of 1780146.
2, 3, 98897
What are the prime factors of 41813?
41813
What are the prime factors of 7587393?
3, 11, 43, 5347
What are the prime factors of 41955202?
2, 20977601
What are the prime factors of 47128?
2, 43, 137
List the prime factors of 1363105.
5, 272621
List the prime factors of 55293.
3, 7, 2633
What are the prime factors of 149908?
2, 11, 3407
List the prime factors of 521640.
2, 3, 5, 7, 23
List the prime factors of 423993.
3, 79, 1789
List the prime factors of 59004.
2, 3, 11, 149
List the prime factors of 3133501.
7, 63949
List the prime factors of 8757327.
3, 2919109
List the prime factors of 1359119.
89, 15271
What are the prime factors of 2165551?
2165551
What are the prime factors of 1414350?
2, 3, 5, 7, 449
List the prime factors of 153287.
153287
What are the prime factors of 433539?
3, 16057
What are the prime factors of 2870062?
2, 13, 167, 661
What are the prime factors of 663272?
2, 17, 4877
What are the prime factors of 1242116?
2, 47, 6607
What are the prime factors of 208679?
23, 43, 211
List the prime factors of 136469.
239, 571
What are the prime factors of 780679?
780679
What are the prime factors of 860065?
5, 37, 4649
What are the prime factors of 112650?
2, 3, 5, 751
List the prime factors of 7956179.
7, 11, 29, 509
What are the prime factors of 3471984?
2, 3, 19, 47
What are the prime factors of 3249963?
3, 40123
List the prime factors of 1443981.
3, 7, 11, 19, 47
List the prime factors of 8238541.
8238541
List the prime factors of 199049.
199049
List the prime factors of 3635250.
2, 3, 5, 37, 131
List the prime factors of 678321.
3, 7, 37, 97
List the prime factors of 5216.
2, 163
List the prime factors of 108925.
5, 4357
What are the prime factors of 905400?
2, 3, 5, 503
What are the prime factors of 37923?
3, 12641
List the prime factors of 221262.
2, 3, 36877
What are the prime factors of 148197?
3, 7, 7057
List the prime factors of 11090887.
709, 15643
List the prime factors of 4549063.
479, 9497
List the prime factors of 1524275.
5, 19, 3209
List the prime factors of 7530743.
11, 359, 1907
What are the prime factors of 5810915?
5, 11, 105653
What are the prime factors of 868858?
2, 43, 10103
What are the prime factors of 3335259?
3, 31, 35863
List the prime factors of 890303.
890303
List the prime factors of 5719546.
2, 7, 408539
List the prime factors of 1313951.
43, 30557
What are the prime factors of 10910812?
2, 11, 22543
List the prime factors of 1091192.
2, 136399
List the prime factors of 715676.
2, 13, 13763
List the prime factors of 1028041.
7, 17, 53, 163
List the prime factors of 230619.
3, 76873
What are the prime factors of 17766358?
2, 89, 151, 661
List the prime factors of 1389492.
2, 3, 13, 2969
List the prime factors of 71222.
2, 149, 239
List the prime factors of 836125.
5, 6689
List the prime factors of 66427.
181, 367
List the prime factors of 153861.
3, 51287
List the prime factors of 25103125.
5, 29, 277
List the prime factors of 9371731.
19, 493249
What are the prime factors of 1439224?
2, 179903
What are the prime factors of 394171?
277, 1423
List the prime factors of 3556242.
2, 3, 197569
What are the prime factors of 227155?
5, 181, 251
List the prime factors of 3686616.
2, 3, 51203
List the prime factors of 13357610.
2, 5, 7, 190823
What are the prime factors of 753392?
2, 47087
List the prime factors of 8816388.
2, 3, 7, 103, 1019
What are the prime factors of 46521?
3, 1723
List the prime factors of 14590041.
3, 61, 1307
List the prime factors of 164137.
151, 1087
What are the prime factors of 1652033?
1652033
What are the prime factors of 9934394?
2, 4967197
List the prime factors of 3416241.
3, 277, 4111
List the prime factors of 247662.
2, 3, 13759
What are the prime factors of 137776?
2, 79, 109
What are the prime factors of 10197986?
2, 5098993
What are the prime factors of 223873?
13, 17, 1013
What are the prime factors of 1286380?
2, 5, 64319
What are the prime factors of 522961?
522961
What are the prime factors of 21527886?
2, 3, 277, 12953
List the prime factors of 161122.
2, 13, 6197
List the prime factors of 60810.
2, 3, 5, 2027
List the prime factors of 1783114.
2, 891557
What are the prime factors of 377842?
2, 17, 11113
What are the prime factors of 984542?
2, 13, 19, 1993
What are the prime factors of 4142774?
2, 211, 9817
List the prime factors of 2746593.
3, 79, 3863
List the prime factors of 2114198.
2, 79, 13381
What are the prime factors of 62249?
11, 5659
What are the prime factors of 22197530?
2, 5, 23, 103, 937
What are the prime factors of 315665?
5, 7, 29, 311
What are the prime factors of 445505?
5, 89101
List the prime factors of 191498.
2, 23, 181
What are the prime factors of 12094854?
2, 3, 17, 283, 419
List the prime factors of 773703.
3, 7, 12281
List the prime factors of 21081195.
3, 5, 156157
What are the prime factors of 4593163?
823, 5581
What are the prime factors of 456695?
5, 241, 379
What are the prime factors of 1874145?
3, 5, 7, 13, 1373
List the prime factors of 1514689.
11, 137699
What are the prime factors of 3436580?
2, 5, 7, 24547
List the prime factors of 2408293.
37, 65089
What are the prime factors of 4709278?
2, 7, 263, 1279
What are the prime factors of 2077975?
5, 43, 1933
What are the prime factors of 51097?
37, 1381
List the prime factors of 12225543.
3, 11, 370471
List the prime factors of 3588246.
2, 3, 66449
List the prime factors of 21276586.
2, 2647, 4019
List the prime factors of 578088.
2, 3, 7, 31